{"id":102,"date":"2025-08-18T15:23:56","date_gmt":"2025-08-18T13:23:56","guid":{"rendered":"https:\/\/segensreich.schelm-net.de\/?page_id=102"},"modified":"2026-02-20T14:02:38","modified_gmt":"2026-02-20T13:02:38","slug":"gemeinsam-glauben-leben-austausch-ueber-gott-und-das-leben","status":"publish","type":"page","link":"https:\/\/segensreich.schelm-net.de\/index.php\/angebote\/gemeinsam-glauben-leben-austausch-ueber-gott-und-das-leben\/","title":{"rendered":"Gemeinsam.Glauben.Leben &#8211; Austausch \u00fcber Gott und das Leben"},"content":{"rendered":"\n<p>In der Gruppe <strong>Gemeinsam.Glauben.Leben<\/strong> steht der Austausch \u00fcber Gott und die Bibel im Mittelpunkt. F\u00fcr uns ist die Bibel <strong>Gottes Wort und Wegweiser f\u00fcr unser Leben<\/strong>. Wir erz\u00e4hlen, teilen Erfahrungen und laden alle herzlich ein, mitzuwirken und mitzudiskutieren.<\/p>\n\n\n\n<p>Bei uns sind <strong>alle Menschen willkommen<\/strong>, unabh\u00e4ngig von Herkunft oder sexueller Identit\u00e4t. <strong>Vielfalt, Respekt und das Gebot der Liebe Jesu<\/strong> pr\u00e4gen unser Miteinander. Wer Freude an offenen Gespr\u00e4chen \u00fcber Glauben und Leben hat, findet bei uns einen Ort der Gemeinschaft und des gegenseitigen Lernens.<\/p>\n\n\n\n<p>Treffpunkt im Gemeindehaus SegensReich immer am letzten <strong>Donnerstag im Monat um 19 Uhr.<\/strong><\/p>\n\n\n\n<p>Im Dezember findet kein Treffen statt.<\/p>\n\n\n\n<p>Info bei Marky Fischer unter der Tel.: 0160 &#8211; 80 12 62 7<\/p>\n\n\n\n<figure class=\"wp-block-image size-large\"><img loading=\"lazy\" decoding=\"async\" width=\"724\" height=\"1024\" src=\"https:\/\/segensreich.schelm-net.de\/wp-content\/uploads\/2026\/02\/Die-bibel-9-724x1024.png\" alt=\"\" class=\"wp-image-472\" srcset=\"https:\/\/segensreich.schelm-net.de\/wp-content\/uploads\/2026\/02\/Die-bibel-9-724x1024.png 724w, https:\/\/segensreich.schelm-net.de\/wp-content\/uploads\/2026\/02\/Die-bibel-9-212x300.png 212w, https:\/\/segensreich.schelm-net.de\/wp-content\/uploads\/2026\/02\/Die-bibel-9-768x1086.png 768w, https:\/\/segensreich.schelm-net.de\/wp-content\/uploads\/2026\/02\/Die-bibel-9-1086x1536.png 1086w, https:\/\/segensreich.schelm-net.de\/wp-content\/uploads\/2026\/02\/Die-bibel-9-191x270.png 191w, https:\/\/segensreich.schelm-net.de\/wp-content\/uploads\/2026\/02\/Die-bibel-9.png 1414w\" sizes=\"auto, (max-width: 724px) 100vw, 724px\" \/><\/figure>\n\n\n\n<p><\/p>\n","protected":false},"excerpt":{"rendered":"<p>In der Gruppe Gemeinsam.Glauben.Leben steht der Austausch \u00fcber Gott und die Bibel im Mittelpunkt. F\u00fcr uns ist die Bibel Gottes Wort und Wegweiser f\u00fcr unser Leben. Wir erz\u00e4hlen, teilen Erfahrungen und laden alle herzlich ein, mitzuwirken und mitzudiskutieren. Bei uns sind alle Menschen willkommen, unabh\u00e4ngig von Herkunft oder sexueller Identit\u00e4t. Vielfalt, Respekt und das Gebot der Liebe Jesu pr\u00e4gen unser Miteinander. Wer Freude an offenen Gespr\u00e4chen \u00fcber Glauben und Leben hat, findet bei uns einen Ort der Gemeinschaft und des&#8230;<\/p>\n<p class=\"read-more\"><a class=\"btn btn-default\" href=\"https:\/\/segensreich.schelm-net.de\/index.php\/angebote\/gemeinsam-glauben-leben-austausch-ueber-gott-und-das-leben\/\">Weiterlesen<span class=\"screen-reader-text\"> Weiterlesen<\/span><\/a><\/p>\n","protected":false},"author":2,"featured_media":0,"parent":35,"menu_order":0,"comment_status":"closed","ping_status":"closed","template":"","meta":{"footnotes":""},"class_list":["post-102","page","type-page","status-publish","hentry"],"_links":{"self":[{"href":"https:\/\/segensreich.schelm-net.de\/index.php\/wp-json\/wp\/v2\/pages\/102","targetHints":{"allow":["GET"]}}],"collection":[{"href":"https:\/\/segensreich.schelm-net.de\/index.php\/wp-json\/wp\/v2\/pages"}],"about":[{"href":"https:\/\/segensreich.schelm-net.de\/index.php\/wp-json\/wp\/v2\/types\/page"}],"author":[{"embeddable":true,"href":"https:\/\/segensreich.schelm-net.de\/index.php\/wp-json\/wp\/v2\/users\/2"}],"replies":[{"embeddable":true,"href":"https:\/\/segensreich.schelm-net.de\/index.php\/wp-json\/wp\/v2\/comments?post=102"}],"version-history":[{"count":5,"href":"https:\/\/segensreich.schelm-net.de\/index.php\/wp-json\/wp\/v2\/pages\/102\/revisions"}],"predecessor-version":[{"id":473,"href":"https:\/\/segensreich.schelm-net.de\/index.php\/wp-json\/wp\/v2\/pages\/102\/revisions\/473"}],"up":[{"embeddable":true,"href":"https:\/\/segensreich.schelm-net.de\/index.php\/wp-json\/wp\/v2\/pages\/35"}],"wp:attachment":[{"href":"https:\/\/segensreich.schelm-net.de\/index.php\/wp-json\/wp\/v2\/media?parent=102"}],"curies":[{"name":"wp","href":"https:\/\/api.w.org\/{rel}","templated":true}]}}