{"id":127,"date":"2025-08-18T16:36:25","date_gmt":"2025-08-18T14:36:25","guid":{"rendered":"https:\/\/segensreich.schelm-net.de\/?page_id=127"},"modified":"2025-08-27T13:17:49","modified_gmt":"2025-08-27T11:17:49","slug":"handarbeitsgruppe","status":"publish","type":"page","link":"https:\/\/segensreich.schelm-net.de\/index.php\/angebote\/handarbeitsgruppe\/","title":{"rendered":"Handarbeitsgruppe"},"content":{"rendered":"\n<div class=\"wp-block-group\"><div class=\"wp-block-group__inner-container is-layout-constrained wp-block-group-is-layout-constrained\">\n<p>Jeden <strong>Dienstag von 15 bis 17 Uhr<\/strong> trifft sich im <strong>SegensReich in Sch\u00f6ppenstedt<\/strong> eine lebendige Handarbeitsgruppe. Ob <strong>stricken, h\u00e4keln oder n\u00e4hen<\/strong> \u2013 hier wird mit viel Freude und Geschick an kleinen und gro\u00dfen Projekten gearbeitet.<\/p>\n\n\n\n<p>Die Gruppe ist weit mehr als nur ein kreatives Miteinander: <strong>Erfahrungen und Wissen werden geteilt<\/strong>, Tipps ausgetauscht und neue Techniken ausprobiert. Gleichzeitig ist es f\u00fcr die Frauen ein wertvoller Treffpunkt, um in geselliger Runde zu plaudern, zu lachen und gemeinsam ihrem Hobby nachzugehen.<\/p>\n\n\n\n<p>Ein besonderer H\u00f6hepunkt: Wenn sich die Gelegenheit ergibt, werden die fertigen Werke bei <strong>Festen oder Veranstaltungen<\/strong> pr\u00e4sentiert und angeboten. So findet die Handarbeit nicht nur in gem\u00fctlicher Runde Anerkennung, sondern auch in der \u00d6ffentlichkeit.<\/p>\n\n\n\n<p>Das macht die Handarbeitsgruppe zu einem Ort der <strong>Kreativit\u00e4t, Gemeinschaft und Freude<\/strong> \u2013 offen f\u00fcr alle, die Lust haben, mitzumachen.<\/p>\n<\/div><\/div>\n\n\n\n<figure class=\"wp-block-image size-large\"><img loading=\"lazy\" decoding=\"async\" width=\"768\" height=\"1024\" src=\"https:\/\/segensreich.schelm-net.de\/wp-content\/uploads\/2025\/08\/Kunsthandw.2025.3-768x1024.jpg\" alt=\"\" class=\"wp-image-184\" srcset=\"https:\/\/segensreich.schelm-net.de\/wp-content\/uploads\/2025\/08\/Kunsthandw.2025.3-768x1024.jpg 768w, https:\/\/segensreich.schelm-net.de\/wp-content\/uploads\/2025\/08\/Kunsthandw.2025.3-225x300.jpg 225w, https:\/\/segensreich.schelm-net.de\/wp-content\/uploads\/2025\/08\/Kunsthandw.2025.3-1152x1536.jpg 1152w, https:\/\/segensreich.schelm-net.de\/wp-content\/uploads\/2025\/08\/Kunsthandw.2025.3-203x270.jpg 203w, https:\/\/segensreich.schelm-net.de\/wp-content\/uploads\/2025\/08\/Kunsthandw.2025.3.jpg 1200w\" sizes=\"auto, (max-width: 768px) 100vw, 768px\" \/><\/figure>\n","protected":false},"excerpt":{"rendered":"<p>Jeden Dienstag von 15 bis 17 Uhr trifft sich im SegensReich in Sch\u00f6ppenstedt eine lebendige Handarbeitsgruppe. Ob stricken, h\u00e4keln oder n\u00e4hen \u2013 hier wird mit viel Freude und Geschick an kleinen und gro\u00dfen Projekten gearbeitet. Die Gruppe ist weit mehr als nur ein kreatives Miteinander: Erfahrungen und Wissen werden geteilt, Tipps ausgetauscht und neue Techniken ausprobiert. Gleichzeitig ist es f\u00fcr die Frauen ein wertvoller Treffpunkt, um in geselliger Runde zu plaudern, zu lachen und gemeinsam ihrem Hobby nachzugehen. Ein besonderer&#8230;<\/p>\n<p class=\"read-more\"><a class=\"btn btn-default\" href=\"https:\/\/segensreich.schelm-net.de\/index.php\/angebote\/handarbeitsgruppe\/\">Weiterlesen<span class=\"screen-reader-text\"> Weiterlesen<\/span><\/a><\/p>\n","protected":false},"author":2,"featured_media":0,"parent":35,"menu_order":0,"comment_status":"closed","ping_status":"closed","template":"","meta":{"footnotes":""},"class_list":["post-127","page","type-page","status-publish","hentry"],"_links":{"self":[{"href":"https:\/\/segensreich.schelm-net.de\/index.php\/wp-json\/wp\/v2\/pages\/127","targetHints":{"allow":["GET"]}}],"collection":[{"href":"https:\/\/segensreich.schelm-net.de\/index.php\/wp-json\/wp\/v2\/pages"}],"about":[{"href":"https:\/\/segensreich.schelm-net.de\/index.php\/wp-json\/wp\/v2\/types\/page"}],"author":[{"embeddable":true,"href":"https:\/\/segensreich.schelm-net.de\/index.php\/wp-json\/wp\/v2\/users\/2"}],"replies":[{"embeddable":true,"href":"https:\/\/segensreich.schelm-net.de\/index.php\/wp-json\/wp\/v2\/comments?post=127"}],"version-history":[{"count":2,"href":"https:\/\/segensreich.schelm-net.de\/index.php\/wp-json\/wp\/v2\/pages\/127\/revisions"}],"predecessor-version":[{"id":185,"href":"https:\/\/segensreich.schelm-net.de\/index.php\/wp-json\/wp\/v2\/pages\/127\/revisions\/185"}],"up":[{"embeddable":true,"href":"https:\/\/segensreich.schelm-net.de\/index.php\/wp-json\/wp\/v2\/pages\/35"}],"wp:attachment":[{"href":"https:\/\/segensreich.schelm-net.de\/index.php\/wp-json\/wp\/v2\/media?parent=127"}],"curies":[{"name":"wp","href":"https:\/\/api.w.org\/{rel}","templated":true}]}}