{"id":139,"date":"2025-08-18T17:38:41","date_gmt":"2025-08-18T15:38:41","guid":{"rendered":"https:\/\/segensreich.schelm-net.de\/?page_id=139"},"modified":"2025-12-12T14:06:20","modified_gmt":"2025-12-12T13:06:20","slug":"theatergruppe","status":"publish","type":"page","link":"https:\/\/segensreich.schelm-net.de\/index.php\/angebote\/theatergruppe\/","title":{"rendered":"Theatergruppe"},"content":{"rendered":"\n<p>Unsere lebendige Theatergruppe freut sich immer \u00fcber neue Gesichter! Geprobt wird jeden <strong>Dienstag um 19 Uhr<\/strong>, voller Spielfreude, Kreativit\u00e4t und guter Laune.<\/p>\n\n\n\n<p><strong>Frau Knackstedt<\/strong> ist dabei eure Ansprechpartnerin f\u00fcr alle Fragen rund um die Gruppe.<\/p>\n\n\n\n<p>Aktuell arbeiten wir an einem neuen St\u00fcck, das <strong>im April 2026 im Segensreich<\/strong> aufgef\u00fchrt wird. Wer Lust hat, mitzuwirken \u2013 auf, vor oder hinter der B\u00fchne \u2013 ist <strong>herzlich willkommen<\/strong> vorbeizuschauen und Teil unserer bunten Truppe zu werden!<\/p>\n\n\n\n<p><\/p>\n\n\n\n<p><strong><mark style=\"background-color:rgba(0, 0, 0, 0)\" class=\"has-inline-color has-vivid-red-color\">Premiere vom St\u00fcck &#8222;Amaretto&#8220; am 27.Juni 2025<\/mark><\/strong><\/p>\n\n\n\n<figure class=\"wp-block-image size-large\"><img loading=\"lazy\" decoding=\"async\" width=\"1024\" height=\"769\" src=\"https:\/\/segensreich.schelm-net.de\/wp-content\/uploads\/2025\/08\/Auffuehrung.Theater1-1024x769.jpg\" alt=\"\" class=\"wp-image-160\" srcset=\"https:\/\/segensreich.schelm-net.de\/wp-content\/uploads\/2025\/08\/Auffuehrung.Theater1-1024x769.jpg 1024w, https:\/\/segensreich.schelm-net.de\/wp-content\/uploads\/2025\/08\/Auffuehrung.Theater1-300x225.jpg 300w, https:\/\/segensreich.schelm-net.de\/wp-content\/uploads\/2025\/08\/Auffuehrung.Theater1-768x577.jpg 768w, https:\/\/segensreich.schelm-net.de\/wp-content\/uploads\/2025\/08\/Auffuehrung.Theater1-1536x1153.jpg 1536w, https:\/\/segensreich.schelm-net.de\/wp-content\/uploads\/2025\/08\/Auffuehrung.Theater1-2048x1538.jpg 2048w, https:\/\/segensreich.schelm-net.de\/wp-content\/uploads\/2025\/08\/Auffuehrung.Theater1-360x270.jpg 360w\" sizes=\"auto, (max-width: 1024px) 100vw, 1024px\" \/><\/figure>\n\n\n\n<p class=\"has-text-align-center\"><\/p>\n\n\n\n<p><\/p>\n","protected":false},"excerpt":{"rendered":"<p>Unsere lebendige Theatergruppe freut sich immer \u00fcber neue Gesichter! Geprobt wird jeden Dienstag um 19 Uhr, voller Spielfreude, Kreativit\u00e4t und guter Laune. Frau Knackstedt ist dabei eure Ansprechpartnerin f\u00fcr alle Fragen rund um die Gruppe. Aktuell arbeiten wir an einem neuen St\u00fcck, das im April 2026 im Segensreich aufgef\u00fchrt wird. Wer Lust hat, mitzuwirken \u2013 auf, vor oder hinter der B\u00fchne \u2013 ist herzlich willkommen vorbeizuschauen und Teil unserer bunten Truppe zu werden! Premiere vom St\u00fcck &#8222;Amaretto&#8220; am 27.Juni 2025<\/p>\n","protected":false},"author":2,"featured_media":0,"parent":35,"menu_order":0,"comment_status":"closed","ping_status":"closed","template":"","meta":{"footnotes":""},"class_list":["post-139","page","type-page","status-publish","hentry"],"_links":{"self":[{"href":"https:\/\/segensreich.schelm-net.de\/index.php\/wp-json\/wp\/v2\/pages\/139","targetHints":{"allow":["GET"]}}],"collection":[{"href":"https:\/\/segensreich.schelm-net.de\/index.php\/wp-json\/wp\/v2\/pages"}],"about":[{"href":"https:\/\/segensreich.schelm-net.de\/index.php\/wp-json\/wp\/v2\/types\/page"}],"author":[{"embeddable":true,"href":"https:\/\/segensreich.schelm-net.de\/index.php\/wp-json\/wp\/v2\/users\/2"}],"replies":[{"embeddable":true,"href":"https:\/\/segensreich.schelm-net.de\/index.php\/wp-json\/wp\/v2\/comments?post=139"}],"version-history":[{"count":5,"href":"https:\/\/segensreich.schelm-net.de\/index.php\/wp-json\/wp\/v2\/pages\/139\/revisions"}],"predecessor-version":[{"id":379,"href":"https:\/\/segensreich.schelm-net.de\/index.php\/wp-json\/wp\/v2\/pages\/139\/revisions\/379"}],"up":[{"embeddable":true,"href":"https:\/\/segensreich.schelm-net.de\/index.php\/wp-json\/wp\/v2\/pages\/35"}],"wp:attachment":[{"href":"https:\/\/segensreich.schelm-net.de\/index.php\/wp-json\/wp\/v2\/media?parent=139"}],"curies":[{"name":"wp","href":"https:\/\/api.w.org\/{rel}","templated":true}]}}